ivisor of 64 and 944?
16
What is the greatest common divisor of 12 and 4476?
12
What is the greatest common factor of 357 and 102?
51
What is the greatest common divisor of 17 and 289?
17
What is the greatest common divisor of 21138 and 78?
78
Calculate the greatest common factor of 10 and 1280.
10
What is the greatest common divisor of 6 and 46?
2
Calculate the highest common divisor of 310 and 10.
10
Calculate the greatest common factor of 42 and 154.
14
What is the highest common divisor of 18 and 234?
18
Calculate the highest common factor of 332 and 4.
4
What is the greatest common divisor of 1843 and 627?
19
What is the highest common divisor of 38 and 589?
19
What is the highest common factor of 24408 and 216?
216
Calculate the highest common factor of 19 and 171.
19
Calculate the highest common divisor of 17 and 6443.
17
What is the highest common divisor of 156 and 442?
26
What is the greatest common factor of 43 and 301?
43
Calculate the greatest common divisor of 52 and 1846.
26
What is the greatest common factor of 6 and 96?
6
What is the greatest common factor of 2776 and 32?
8
What is the greatest common divisor of 968 and 3025?
121
What is the highest common divisor of 6150 and 180?
30
What is the highest common factor of 32 and 2?
2
What is the highest common factor of 15 and 162?
3
Calculate the greatest common divisor of 183 and 244.
61
What is the highest common divisor of 12 and 426?
6
What is the greatest common divisor of 110 and 308?
22
What is the greatest common divisor of 7869 and 129?
129
Calculate the highest common factor of 39 and 130.
13
Calculate the highest common divisor of 891 and 6.
3
Calculate the greatest common factor of 40 and 220.
20
What is the greatest common divisor of 3 and 46?
1
What is the highest common divisor of 30 and 132?
6
What is the greatest common factor of 6 and 6?
6
What is the greatest common factor of 8827 and 1456?
91
Calculate the greatest common divisor of 39 and 2119.
13
Calculate the highest common factor of 1292 and 374.
34
What is the highest common divisor of 135 and 8055?
45
What is the greatest common factor of 540 and 300?
60
What is the greatest common divisor of 60 and 372?
12
Calculate the highest common divisor of 48 and 624.
48
What is the highest common factor of 78 and 130?
26
What is the highest common factor of 114 and 12?
6
Calculate the greatest common divisor of 132 and 748.
44
What is the greatest common factor of 1472 and 46?
46
What is the highest common divisor of 247 and 13?
13
Calculate the greatest common divisor of 551 and 19.
19
Calculate the highest common divisor of 3243 and 69.
69
What is the highest common factor of 366 and 671?
61
What is the greatest common divisor of 105 and 70?
35
Calculate the greatest common divisor of 837 and 93.
93
What is the highest common divisor of 3516 and 12?
12
What is the greatest common divisor of 299 and 253?
23
What is the greatest common factor of 6771 and 37?
37
Calculate the greatest common factor of 418 and 286.
22
What is the highest common divisor of 2 and 206?
2
Calculate the greatest common factor of 136 and 51.
17
Calculate the highest common factor of 7 and 3584.
7
Calculate the greatest common factor of 25 and 89775.
25
What is the highest common divisor of 8 and 2456?
8
What is the greatest common factor of 9 and 2151?
9
What is the highest common divisor of 162 and 102?
6
What is the highest common divisor of 1548 and 36?
36
Calculate the highest common divisor of 464 and 32.
16
Calculate the greatest common factor of 1760 and 11.
11
Calculate the greatest common divisor of 16 and 7944.
8
What is the highest common factor of 26 and 221?
13
Calculate the highest common factor of 1247 and 129.
43
Calculate the highest common factor of 19222 and 14.
14
What is the greatest common divisor of 343 and 147?
49
Calculate the highest common divisor of 12 and 276.
12
What is the greatest common divisor of 325 and 39?
13
What is the greatest common factor of 36 and 3492?
36
What is the greatest common divisor of 4851 and 588?
147
Calculate the greatest common divisor of 112 and 896.
112
Calculate the highest common factor of 414 and 1334.
46
What is the highest common divisor of 217 and 155?
31
What is the highest common factor of 350 and 1155?
35
What is the highest common divisor of 48 and 168?
24
Calculate the highest common divisor of 136 and 51.
17
Calculate the greatest common factor of 84 and 364.
28
What is the highest common factor of 432 and 324?
108
Calculate the greatest common divisor of 615 and 82.
41
What is the greatest common factor of 8 and 248?
8
What is the greatest common divisor of 56 and 28?
28
What is the greatest common factor of 1195 and 15?
5
What is the highest common divisor of 3668 and 28?
28
Calculate the highest common divisor of 315 and 378.
63
Calculate the highest common factor of 25 and 2425.
25
Calculate the highest common factor of 224 and 1904.
112
Calculate the highest common factor of 77 and 11.
11
What is the greatest common divisor of 60 and 570?
30
What is the greatest common factor of 14 and 1393?
7
What is the greatest common divisor of 20 and 380?
20
Calculate the highest common divisor of 636 and 42.
6
Calculate the highest common factor of 25 and 775.
25
Calculate the greatest common divisor of 812 and 29.
29
Calculate the highest common factor of 25872 and 147.
147
Calculate the greatest common divisor of 24 and 18.
6
What is the greatest common factor of 1786 and 323?
19
Calculate the greatest common factor of 3 and 123.
3
What is the greatest common factor of 30 and 50?
10
What is the highest common factor of 1037 and 34?
17
What is the highest common divisor of 429 and 663?
39
What is the highest common factor of 287 and 164?
41
Calculate the greatest common factor of 763 and 654.
109
Calculate the greatest common factor of 28 and 2.
2
What is the highest common divisor of 14 and 3437?
7
Calculate the highest common divisor of 78 and 1378.
26
Calculate the highest common factor of 1183 and 169.
169
What is the greatest common divisor of 2700 and 12900?
300
Calculate the highest common divisor of 555 and 444.
111
What is the greatest common divisor of 140 and 84?
28
Calculate the highest common factor of 16932 and 17.
17
What is the greatest common factor of 55 and 22?
11
Calculate the highest common divisor of 336 and 420.
84
Calculate the highest common divisor of 171 and 57.
57
Calculate the highest common factor of 16 and 16.
16
What is the greatest common divisor of 28 and 11788?
28
Calculate the highest common divisor of 1273 and 67.
67
What is the highest common factor of 63 and 4893?
21
What is the highest common factor of 117 and 481?
13
What is the highest common divisor of 26 and 4576?
26
Calculate the highest common divisor of 7626 and 186.
186
Calculate the greatest common factor of 4 and 100.
4
Calculate the highest common divisor of 124 and 8.
4
What is the highest common factor of 28 and 15708?
28
Calculate the highest common factor of 11 and 1507.
11
Calculate the highest common factor of 36 and 708.
12
What is the highest common divisor of 3497 and 9684?
269
What is the highest common divisor of 408 and 918?
102
Calculate the highest common factor of 245 and 8869.
49
Calculate the highest common factor of 1598 and 376.
94
What is the greatest common factor of 175 and 275?
25
Calculate the greatest common factor of 23 and 1150.
23
Calculate the highest common divisor of 292 and 803.
73
What is the greatest common divisor of 26 and 13?
13
Calculate the greatest common divisor of 897 and 39.
39
Calculate the highest common divisor of 344 and 473.
43
What is the greatest common divisor of 72 and 4374?
18
Calculate the highest common factor of 7802 and 470.
94
What is the greatest common factor of 816 and 96?
48
Calculate the highest common divisor of 30 and 1725.
15
What is the greatest common divisor of 128 and 96?
32
Calculate the greatest common divisor of 33 and 77.
11
Calculate the highest common divisor of 240 and 30.
30
What is the highest common factor of 20 and 260?
20
Calculate the highest common divisor of 16373 and 35.
7
What is the greatest common divisor of 99 and 9?
9
Calculate the greatest common divisor of 43888 and 208.
208
